{"id":149,"date":"2017-02-27T16:19:32","date_gmt":"2017-02-27T16:19:32","guid":{"rendered":"http:\/\/heilungs-impulse.com\/?page_id=149"},"modified":"2017-09-11T12:29:27","modified_gmt":"2017-09-11T11:29:27","slug":"spirituell","status":"publish","type":"page","link":"https:\/\/www.heilungs-impulse.de\/?page_id=149","title":{"rendered":"spirituell"},"content":{"rendered":"<hr \/>\n<h3><span style=\"color: #800080;\">HEILUNGSIMPULSE AUF DER SPIRITUELLEN EBENE<\/span><\/h3>\n<p>Sie stecken in einer Lebenskrise fest oder suchen eine Antwort, die nicht nur mit dem Verstand getroffen werden soll?<\/p>\n<p>In unserer materialistischen Welt ist es oftmals schwierig, Lebensfragen intuitiv oder aus dem Bauch heraus beantworten. Doch haben wir die M\u00f6glichkeit durch Impulse und Reflexion in Kontakt mit unseren inneren Stimme zu kommen, ein h\u00f6heres Bewusstsein zu erlangen und mit neu gewonnener Energie unsere Lebensthemen ruhiger, gelassener und aus unserer Mitte heraus anzugehen. Wenn wir auf unsere innere F\u00fchrung vertrauen, wird die Einstellung zu unserem Leben leichter und gl\u00fccklicher, obwohl wir auf die gleichen Probleme sto\u00dfen.<\/p>\n<p>Unser Leben ist eine Reise in unser Inneres, eine Art Abenteuer, ein Erkennen des uns innewohnenden h\u00f6heren Selbst, unseres Wesenskerns oder Essenz.<\/p>\n<p>W\u00e4hrend einer spirituellen Kl\u00e4rung kann ich Ihnen mit Hilfe von Heilungsimpulsen oder einer energetischen Heilbehandlung zu mehr Klarheit verhelfen. Ich respektiere hierbei das Recht und die grunds\u00e4tzlich vorhandene F\u00e4higkeit meiner Klienten, selbstst\u00e4ndig und eigenverantwortlich Entscheidungen zu treffen, denn jeder Mensch hat einen eigenen Rhythmus in seiner k\u00f6rperlichen, seelischen, geistigen und spirituellen Entwicklung und Genesung.<\/p>\n<p>&nbsp;<\/p>\n<p>&nbsp;<\/p>\n","protected":false},"excerpt":{"rendered":"<p>HEILUNGSIMPULSE AUF DER SPIRITUELLEN EBENE Sie stecken in einer Lebenskrise fest oder suchen eine Antwort, die nicht nur mit dem Verstand getroffen werden soll? In unserer materialistischen Welt ist es oftmals schwierig, Lebensfragen intuitiv oder aus dem Bauch heraus beantworten. Doch haben wir die M\u00f6glichkeit durch Impulse und Reflexion in Kontakt mit unseren inneren Stimme <a class=\"read-more\" href=\"https:\/\/www.heilungs-impulse.de\/?page_id=149\">Read More<\/a><\/p>\n","protected":false},"author":1,"featured_media":0,"parent":2,"menu_order":2,"comment_status":"closed","ping_status":"closed","template":"template-full-width-no-page-title.php","meta":[],"_links":{"self":[{"href":"https:\/\/www.heilungs-impulse.de\/index.php?rest_route=\/wp\/v2\/pages\/149"}],"collection":[{"href":"https:\/\/www.heilungs-impulse.de\/index.php?rest_route=\/wp\/v2\/pages"}],"about":[{"href":"https:\/\/www.heilungs-impulse.de\/index.php?rest_route=\/wp\/v2\/types\/page"}],"author":[{"embeddable":true,"href":"https:\/\/www.heilungs-impulse.de\/index.php?rest_route=\/wp\/v2\/users\/1"}],"replies":[{"embeddable":true,"href":"https:\/\/www.heilungs-impulse.de\/index.php?rest_route=%2Fwp%2Fv2%2Fcomments&post=149"}],"version-history":[{"count":11,"href":"https:\/\/www.heilungs-impulse.de\/index.php?rest_route=\/wp\/v2\/pages\/149\/revisions"}],"predecessor-version":[{"id":306,"href":"https:\/\/www.heilungs-impulse.de\/index.php?rest_route=\/wp\/v2\/pages\/149\/revisions\/306"}],"up":[{"embeddable":true,"href":"https:\/\/www.heilungs-impulse.de\/index.php?rest_route=\/wp\/v2\/pages\/2"}],"wp:attachment":[{"href":"https:\/\/www.heilungs-impulse.de\/index.php?rest_route=%2Fwp%2Fv2%2Fmedia&parent=149"}],"curies":[{"name":"wp","href":"https:\/\/api.w.org\/{rel}","templated":true}]}}