{"id":41,"date":"2017-02-26T15:19:31","date_gmt":"2017-02-26T15:19:31","guid":{"rendered":"http:\/\/heilungs-impulse.com\/?page_id=41"},"modified":"2020-01-15T23:29:48","modified_gmt":"2020-01-15T22:29:48","slug":"anfahrt","status":"publish","type":"page","link":"https:\/\/www.heilungs-impulse.de\/?page_id=41","title":{"rendered":"Anfahrt"},"content":{"rendered":"<h4><span style=\"color: #ffcc00;\">Praxis in Erlangen:<\/span><\/h4>\n<p>Hier bietet sich die M\u00f6glichkeit, nach Absprache im Innenhof der Praxis zu parken.<\/p>\n<p>Mit \u00f6ffentlichen Verkehrsmitteln ist der Hugenottenplatz sehr gut erreichbar, da er von nahezu jeder Buslinie in Erlangen angefahren wird. Auch die Buslinie 30 aus N\u00fcrnberg h\u00e4lt hier. Der Erlanger Hauptbahnhof ist 2 Minuten zu Fu\u00df entfernt. (Linie R1, S1, VGN und ICE)<\/p>\n<p>Die Praxis befindet sich im 1. Obergeschoss, ein Aufzug ist vorhanden.<\/p>\n<h4><span style=\"color: #ffcc00;\">Praxis in Puschendorf:<\/span><\/h4>\n<p>Hier bietet sich die M\u00f6glichkeit direkt vor der Praxis zu parken.<\/p>\n<p>M\u00f6chten Sie mit \u00f6ffentlichen Verkehrsmitteln kommen: Der Bahnhof in Puschendorf (Linie R2, VGN) ist zu Fu\u00df etwa 20 Minuten entfernt.<\/p>\n","protected":false},"excerpt":{"rendered":"<p>Praxis in Erlangen: Hier bietet sich die M\u00f6glichkeit, nach Absprache im Innenhof der Praxis zu parken. Mit \u00f6ffentlichen Verkehrsmitteln ist der Hugenottenplatz sehr gut erreichbar, da er von nahezu jeder Buslinie in Erlangen angefahren wird. Auch die Buslinie 30 aus N\u00fcrnberg h\u00e4lt hier. Der Erlanger Hauptbahnhof ist 2 Minuten zu Fu\u00df entfernt. (Linie R1, S1, <a class=\"read-more\" href=\"https:\/\/www.heilungs-impulse.de\/?page_id=41\">Read More<\/a><\/p>\n","protected":false},"author":1,"featured_media":0,"parent":0,"menu_order":3,"comment_status":"closed","ping_status":"closed","template":"template-full-width-no-page-title.php","meta":[],"_links":{"self":[{"href":"https:\/\/www.heilungs-impulse.de\/index.php?rest_route=\/wp\/v2\/pages\/41"}],"collection":[{"href":"https:\/\/www.heilungs-impulse.de\/index.php?rest_route=\/wp\/v2\/pages"}],"about":[{"href":"https:\/\/www.heilungs-impulse.de\/index.php?rest_route=\/wp\/v2\/types\/page"}],"author":[{"embeddable":true,"href":"https:\/\/www.heilungs-impulse.de\/index.php?rest_route=\/wp\/v2\/users\/1"}],"replies":[{"embeddable":true,"href":"https:\/\/www.heilungs-impulse.de\/index.php?rest_route=%2Fwp%2Fv2%2Fcomments&post=41"}],"version-history":[{"count":12,"href":"https:\/\/www.heilungs-impulse.de\/index.php?rest_route=\/wp\/v2\/pages\/41\/revisions"}],"predecessor-version":[{"id":398,"href":"https:\/\/www.heilungs-impulse.de\/index.php?rest_route=\/wp\/v2\/pages\/41\/revisions\/398"}],"wp:attachment":[{"href":"https:\/\/www.heilungs-impulse.de\/index.php?rest_route=%2Fwp%2Fv2%2Fmedia&parent=41"}],"curies":[{"name":"wp","href":"https:\/\/api.w.org\/{rel}","templated":true}]}}